est common divisor of 29862 and 112206?
6
What is the highest common divisor of 59687601 and 12?
3
Calculate the highest common factor of 589 and 1707575201.
589
What is the highest common factor of 38627 and 15385637?
107
Calculate the greatest common divisor of 8110207 and 646.
323
What is the highest common factor of 108 and 42433?
1
What is the greatest common factor of 1710362835 and 9?
9
Calculate the greatest common divisor of 1603024 and 11216.
16
What is the highest common factor of 376026624 and 24?
24
Calculate the greatest common divisor of 264 and 33644248.
88
Calculate the greatest common divisor of 1823406 and 78.
78
Calculate the highest common factor of 177740697 and 2547.
849
Calculate the highest common divisor of 5595 and 7215.
15
Calculate the highest common divisor of 97 and 8899750.
97
What is the greatest common divisor of 47106 and 405635?
2617
Calculate the greatest common divisor of 608 and 23009456.
304
Calculate the greatest common factor of 101 and 2272688668.
101
What is the highest common factor of 1945 and 240945?
5
Calculate the greatest common factor of 1618925 and 300300.
1925
What is the greatest common divisor of 54144 and 169856?
128
What is the highest common divisor of 138462 and 3858?
6
What is the highest common divisor of 181178 and 81934?
1154
Calculate the greatest common divisor of 73521 and 73132.
389
Calculate the highest common divisor of 32392278 and 162.
54
What is the highest common divisor of 1562478 and 786?
6
Calculate the highest common divisor of 472720 and 2736.
304
Calculate the greatest common factor of 5031 and 1064637.
387
What is the highest common factor of 331503424 and 28?
28
Calculate the highest common divisor of 950 and 238264370.
190
What is the highest common divisor of 406 and 17669323?
203
Calculate the greatest common factor of 12521823 and 36.
3
Calculate the greatest common divisor of 3710795 and 437.
19
Calculate the greatest common divisor of 11031 and 2490.
3
Calculate the greatest common factor of 54610 and 680.
10
What is the greatest common factor of 60999458 and 27898?
962
Calculate the greatest common divisor of 36 and 2671036.
4
What is the highest common divisor of 16169241 and 44?
11
What is the greatest common factor of 27226864 and 33677?
1981
What is the greatest common factor of 109472 and 77979?
11
Calculate the highest common divisor of 293 and 13225141.
293
What is the highest common divisor of 5225 and 1924925?
25
Calculate the highest common factor of 40293450 and 2700.
1350
Calculate the highest common divisor of 20814816 and 4784.
368
Calculate the greatest common divisor of 2740809 and 369.
123
What is the highest common factor of 54466 and 88931?
113
Calculate the highest common divisor of 362 and 47576393.
181
What is the greatest common factor of 917976 and 48?
24
Calculate the greatest common divisor of 2003680 and 336.
112
Calculate the greatest common divisor of 3045424 and 192.
16
What is the greatest common divisor of 45158 and 4718674?
674
What is the greatest common factor of 8379 and 54169?
19
Calculate the greatest common divisor of 1369797 and 35607.
429
What is the highest common factor of 39599862 and 2037?
291
Calculate the highest common divisor of 234 and 846144.
234
What is the highest common divisor of 138673 and 846178?
101
Calculate the highest common divisor of 717495 and 103695.
465
Calculate the greatest common factor of 43213876 and 186.
62
What is the greatest common factor of 52959760 and 102340?
2380
What is the highest common factor of 361198 and 2797754?
6122
What is the greatest common divisor of 5896487 and 368?
23
What is the highest common factor of 348 and 880212?
12
What is the greatest common divisor of 5424 and 279504?
48
Calculate the greatest common factor of 177795438 and 354.
354
What is the highest common divisor of 26 and 59990320?
26
Calculate the greatest common divisor of 45 and 3867495.
15
What is the greatest common factor of 624106807 and 503?
503
What is the greatest common divisor of 108 and 60414264?
36
Calculate the highest common divisor of 258945 and 81000.
15
What is the highest common factor of 6940157 and 25284?
301
What is the highest common divisor of 16864284 and 246?
246
Calculate the greatest common divisor of 4960 and 2791840.
160
What is the highest common factor of 1563 and 310483698?
1563
What is the highest common divisor of 76 and 4611547?
19
Calculate the greatest common divisor of 45677803 and 601.
601
What is the highest common factor of 320 and 78292420?
20
What is the highest common divisor of 7173 and 24529269?
2391
What is the greatest common factor of 275815 and 53?
1
What is the greatest common divisor of 526 and 20568178?
526
What is the highest common divisor of 239316 and 7320698?
1078
What is the greatest common factor of 537806971 and 13?
13
What is the greatest common factor of 1754782 and 18706?
398
What is the greatest common factor of 2747 and 3321?
41
Calculate the highest common divisor of 676 and 34451924.
52
What is the greatest common factor of 461283 and 102?
3
What is the highest common factor of 11478685 and 245?
5
What is the highest common factor of 111 and 11626991?
37
What is the greatest common factor of 2447 and 235996021?
2447
What is the highest common divisor of 329311 and 168783?
127
Calculate the highest common divisor of 18 and 41230944.
18
Calculate the greatest common divisor of 22 and 768611833.
11
What is the greatest common divisor of 4592 and 1661812?
164
What is the highest common factor of 33154 and 5852914?
274
Calculate the highest common divisor of 3416604 and 6624.
276
What is the greatest common factor of 116593113 and 819?
273
What is the greatest common divisor of 146 and 69480962?
146
What is the highest common divisor of 211842 and 34266?
6
Calculate the highest common factor of 2078153 and 1063531.
959
What is the highest common divisor of 374974325 and 1100?
275
What is the highest common divisor of 693 and 539308?
77
What is the greatest common factor of 16614 and 485394?
78
Calculate the greatest common divisor of 28866 and 2813586.
1698
What is the greatest common factor of 259 and 3601577?
7
Calculate the greatest common factor of 99 and 517605.
33
What is the greatest common factor of 153813854 and 3857?
551
What is the greatest common factor of 18094815 and 33?
3
Calculate the highest common factor of 9491804 and 728.
28
What is the greatest common factor of 10921526 and 10703?
77
What is the highest common factor of 389331117 and 3789?
3789
Calculate the highest common divisor of 2707647016 and 183.
61
What is the greatest common factor of 988 and 34293860?
76
Calculate the highest common factor of 20 and 196412444.
4
Calculate the highest common factor of 35594933 and 611.
47
Calculate the greatest common factor of 1780 and 13795.
445
What is the greatest common factor of 1080658 and 892?
446
Calculate the greatest common divisor of 4869 and 5707.
1
Calculate the greatest common factor of 8763183 and 26.
13
What is the highest common factor of 30974093 and 1903?
173
Calculate the highest common factor of 47655 and 5400.
135
What is the highest common divisor of 646980212 and 4?
4
Calculate the greatest common factor of 82901 and 80808.
91
What is the greatest common factor of 310 and 178609135?
155
Calculate the greatest common divisor of 150 and 288378.
6
Calculate the highest common divisor of 2000 and 340700.
100
What is the highest common divisor of 1461 and 15939997?
487
Calculate the highest common factor of 1416449189 and 311.
311
What is the highest common divisor of 6864433 and 5604?
467
Calculate the greatest common factor of 106 and 144615747.
53
What is the greatest common factor of 506532 and 54?
6
Calculate the greatest common factor of 12 and 132145044.
12
Calculate the greatest common factor of 672 and 2015412.
84
What is the greatest common factor of 236726623 and 406?
203
Calculate the greatest common factor of 10854 and 686718.
162
Calculate the greatest common factor of 17385950 and 950.
950
What is the highest common factor of 2 and 495731?
1
Calculate the greatest common divisor of 21533506 and 6310.
1262
Calculate the highest common factor of 154890 and 3870.
90
Calculate the highest 